{"id":1493,"date":"2024-10-07T15:07:14","date_gmt":"2024-10-07T15:07:14","guid":{"rendered":"https:\/\/www.cds-soft.es\/web\/?page_id=1493"},"modified":"2024-10-07T15:07:14","modified_gmt":"2024-10-07T15:07:14","slug":"servicio-de-asesoramiento-en-procesos-de-negocio-o-procesos-de-produccion","status":"publish","type":"page","link":"https:\/\/www.cds-soft.es\/web\/kit-consulting\/servicio-de-asesoramiento-en-procesos-de-negocio-o-procesos-de-produccion\/","title":{"rendered":"Servicio de Asesoramiento en Procesos de Negocio o Procesos de Producci\u00f3n"},"content":{"rendered":"<div id='av_section_1'  class='avia-section main_color avia-section-default avia-no-border-styling  avia-full-stretch avia-bg-style-scroll  avia-builder-el-0  el_before_av_image  avia-builder-el-first   av-minimum-height av-minimum-height-custom  container_wrap sidebar_right' style='background-repeat: no-repeat; background-image: url(https:\/\/www.cds-soft.es\/web\/wp-content\/uploads\/2024\/10\/kit-consuilting-2024.jpg);background-attachment: scroll; background-position: top left;  '  data-section-bg-repeat='stretch'><div class='av-section-color-overlay-wrap'><a href='#next-section' title='' class='scroll-down-link '  aria-hidden='true' data-av_icon='\ue877' data-av_iconfont='entypo-fontello'><\/a><div class='container' style='height:467px'><main  role=\"main\" itemprop=\"mainContentOfPage\"  class='template-page content  av-content-small alpha units'><div class='post-entry post-entry-type-page post-entry-1493'><div class='entry-content-wrapper clearfix'>\n<div class=\"flex_column av_one_half  flex_column_div first  avia-builder-el-1  avia-builder-el-no-sibling  \" style='background: rgba(2,2,2,0.01); padding:20px; background-color:rgba(2,2,2,0.01); border-radius:0px; '><div  style='padding-bottom:10px; color:#ffffff;font-size:65px;' class='av-special-heading av-special-heading-h1 custom-color-heading blockquote modern-quote  avia-builder-el-2  avia-builder-el-no-sibling  av-thin-font av-inherit-size '><h1 class='av-special-heading-tag '  itemprop=\"headline\"  ><strong><span style=\"color: #1ad7f2;\">Servicio de Asesoramiento en Procesos de Negocio o Procesos de Producci\u00f3n<\/span><\/strong> <\/h1><div class='special-heading-border'><div class='special-heading-inner-border' style='border-color:#ffffff'><\/div><\/div><\/div><\/div><\/div><\/div><\/main><!-- close content main element --><\/div><\/div><\/div><div id='after_section_1'  class='main_color av_default_container_wrap container_wrap sidebar_right' style=' '  ><div class='container' ><div class='template-page content  av-content-small alpha units'><div class='post-entry post-entry-type-page post-entry-1493'><div class='entry-content-wrapper clearfix'><div  class='avia-image-container  av-styling- av-hover-grow   avia-builder-el-3  el_after_av_section  el_before_av_hr  avia-builder-el-first  avia-align-center '  itemprop=\"image\" itemscope=\"itemscope\" itemtype=\"https:\/\/schema.org\/ImageObject\"  ><div class='avia-image-container-inner'><div class='avia-image-overlay-wrap'><img decoding=\"async\" class='wp-image-1321 avia-img-lazy-loading-not-1321 avia_image' src=\"https:\/\/www.cds-soft.es\/web\/wp-content\/uploads\/2024\/02\/logo-kit.jpg\" alt='' title='logo-kit' height=\"241\" width=\"2000\"  itemprop=\"thumbnailUrl\" srcset=\"https:\/\/www.cds-soft.es\/web\/wp-content\/uploads\/2024\/02\/logo-kit.jpg 2000w, https:\/\/www.cds-soft.es\/web\/wp-content\/uploads\/2024\/02\/logo-kit-300x36.jpg 300w, https:\/\/www.cds-soft.es\/web\/wp-content\/uploads\/2024\/02\/logo-kit-1030x124.jpg 1030w, https:\/\/www.cds-soft.es\/web\/wp-content\/uploads\/2024\/02\/logo-kit-768x93.jpg 768w, https:\/\/www.cds-soft.es\/web\/wp-content\/uploads\/2024\/02\/logo-kit-1536x185.jpg 1536w, https:\/\/www.cds-soft.es\/web\/wp-content\/uploads\/2024\/02\/logo-kit-1500x181.jpg 1500w, https:\/\/www.cds-soft.es\/web\/wp-content\/uploads\/2024\/02\/logo-kit-705x85.jpg 705w\" sizes=\"(max-width: 2000px) 100vw, 2000px\" \/><\/div><\/div><\/div><\/p>\n<div  style=' margin-top:30px; margin-bottom:30px;'  class='hr hr-custom hr-center hr-icon-no   avia-builder-el-4  el_after_av_image  el_before_av_textblock '><span class='hr-inner  inner-border-av-border-fat' style=' width:50px; border-color:#000000;' ><span class='hr-inner-style'><\/span><\/span><\/div>\n<section class=\"av_textblock_section \"  itemscope=\"itemscope\" itemtype=\"https:\/\/schema.org\/CreativeWork\" ><div class='avia_textblock  '   itemprop=\"text\" ><h1><\/h1>\n<h1 style=\"text-align: center;\"><span style=\"font-size: 14pt;\"><strong>Objetivo<\/strong><\/span><\/h1>\n<\/div><\/section>\n<section class=\"av_textblock_section \"  itemscope=\"itemscope\" itemtype=\"https:\/\/schema.org\/CreativeWork\" ><div class='avia_textblock  '   itemprop=\"text\" ><p><span style=\"font-size: 14pt;\">Prestaci\u00f3n de un servicio de asesoramiento que tiene como objetivo <\/span><span style=\"font-size: 14pt;\">identificar las \u00e1reas de mejora y optimizaci\u00f3n en los procesos empresariales actuales y la<\/span> <span style=\"font-size: 14pt;\">definici\u00f3n de un plan de mejora de procesos adaptado al negocio en \u00e1reas clave (RRHH, <\/span><span style=\"font-size: 14pt;\">econ\u00f3mico-financiero, operaci\u00f3n, producto, clientes, etc.). En lugar de un proceso<\/span> <span style=\"font-size: 14pt;\">empresarial, este servicio de asesoramiento puede\u00a0 orientarse a la optimizaci\u00f3n de<\/span> <span style=\"font-size: 14pt;\">alguno de los procesos de producci\u00f3n o fabricaci\u00f3n. En cualquiera de los dos casos, se <\/span><span style=\"font-size: 14pt;\">har\u00e1 uso de t\u00e9cnicas relacionadas con la inteligencia artificial, y se incluye la realizaci\u00f3n <\/span><span style=\"font-size: 14pt;\">de un caso de uso adaptado al negocio.<\/span><\/p>\n<\/div><\/section>\n<div  style=' margin-top:30px; margin-bottom:30px;'  class='hr hr-custom hr-center hr-icon-no   avia-builder-el-7  el_after_av_textblock  el_before_av_textblock '><span class='hr-inner  inner-border-av-border-fat' style=' width:50px; border-color:#000000;' ><span class='hr-inner-style'><\/span><\/span><\/div>\n<section class=\"av_textblock_section \"  itemscope=\"itemscope\" itemtype=\"https:\/\/schema.org\/CreativeWork\" ><div class='avia_textblock  '   itemprop=\"text\" ><h1><\/h1>\n<h1 style=\"text-align: center;\"><span style=\"font-size: 14pt;\"><strong>Tipolog\u00eda de asesoramiento<br \/>\n<\/strong><\/span><\/h1>\n<\/div><\/section>\n<section class=\"av_textblock_section \"  itemscope=\"itemscope\" itemtype=\"https:\/\/schema.org\/CreativeWork\" ><div class='avia_textblock  '   itemprop=\"text\" ><p><span style=\"font-size: 14pt;\">B\u00e1sico.<\/span><\/p>\n<\/div><\/section>\n<div  style=' margin-top:30px; margin-bottom:30px;'  class='hr hr-custom hr-center hr-icon-no   avia-builder-el-10  el_after_av_textblock  el_before_av_textblock '><span class='hr-inner  inner-border-av-border-fat' style=' width:50px; border-color:#000000;' ><span class='hr-inner-style'><\/span><\/span><\/div>\n<section class=\"av_textblock_section \"  itemscope=\"itemscope\" itemtype=\"https:\/\/schema.org\/CreativeWork\" ><div class='avia_textblock  '   itemprop=\"text\" ><h1><\/h1>\n<h1 style=\"text-align: center;\"><span style=\"font-size: 36pt;\"><strong>Importe de la <span style=\"color: #1ad7f2;\">ayuda<\/span><\/strong><\/span><\/h1>\n<\/div><\/section>\n<div class=\"flex_column av_one_third  flex_column_div first  avia-builder-el-12  el_after_av_textblock  el_before_av_one_third  column-top-margin\" style='background: rgba(2,2,2,0.01); padding:20px; background-color:rgba(2,2,2,0.01); border-radius:0px; '><div   class='av_promobox  avia-button-no   avia-builder-el-13  avia-builder-el-no-sibling '>\t\t<div class='avia-promocontent'><\/p>\n<p style=\"text-align: center;\"><span style=\"font-size: 14pt;\"><strong><span style=\"color: #1ad7f2;\"> Segmento A<br \/>\n10 &lt; 50 empleados<\/span><\/strong><\/span><\/p>\n<p style=\"text-align: center;\"><span style=\"font-size: 14pt;\">6.000 euros<br \/>\n<\/span><\/p>\n<p>\n<\/div><\/div><\/div>\n<div class=\"flex_column av_one_third  flex_column_div   avia-builder-el-14  el_after_av_one_third  el_before_av_one_third  column-top-margin\" style='background: rgba(2,2,2,0.01); padding:20px; background-color:rgba(2,2,2,0.01); border-radius:0px; '><div   class='av_promobox  avia-button-no   avia-builder-el-15  avia-builder-el-no-sibling '>\t\t<div class='avia-promocontent'><\/p>\n<p style=\"text-align: center;\"><span style=\"font-size: 14pt;\"><strong><span style=\"color: #1ad7f2;\"> Segmento B<br \/>\n50 &lt; 100 empleados<\/span><\/strong><\/span><\/p>\n<p style=\"text-align: center;\"><span style=\"font-size: 14pt;\">6.000 euros<br \/>\n<\/span><\/p>\n<p>\n<\/div><\/div><\/div>\n<div class=\"flex_column av_one_third  flex_column_div   avia-builder-el-16  el_after_av_one_third  el_before_av_hr  column-top-margin\" style='background: rgba(2,2,2,0.01); padding:20px; background-color:rgba(2,2,2,0.01); border-radius:0px; '><div   class='av_promobox  avia-button-no   avia-builder-el-17  avia-builder-el-no-sibling '>\t\t<div class='avia-promocontent'><\/p>\n<p style=\"text-align: center;\"><span style=\"font-size: 14pt;\"><strong><span style=\"color: #1ad7f2;\"> Segmento C<br \/>\n100 &lt; 250 empleados<\/span><\/strong><\/span><\/p>\n<p style=\"text-align: center;\"><span style=\"font-size: 14pt;\">6.000 euros<br \/>\n<\/span><\/p>\n<p>\n<\/div><\/div><\/div>\n<div  style=' margin-top:30px; margin-bottom:30px;'  class='hr hr-custom hr-center hr-icon-no   avia-builder-el-18  el_after_av_one_third  el_before_av_textblock '><span class='hr-inner  inner-border-av-border-fat' style=' width:50px; border-color:#000000;' ><span class='hr-inner-style'><\/span><\/span><\/div>\n<section class=\"av_textblock_section \"  itemscope=\"itemscope\" itemtype=\"https:\/\/schema.org\/CreativeWork\" ><div class='avia_textblock  '   itemprop=\"text\" ><h1 style=\"text-align: center;\"><span style=\"font-size: 36pt;\"><strong>Actividades<br \/>\n<\/strong><\/span><\/h1>\n<\/div><\/section>\n<section class=\"av_textblock_section \"  itemscope=\"itemscope\" itemtype=\"https:\/\/schema.org\/CreativeWork\" ><div class='avia_textblock  '   itemprop=\"text\" ><p><span style=\"font-size: 14pt;\">\u2013 Comprensi\u00f3n de las metas estrat\u00e9gicas, puntos clave y objetivos de la pyme y <\/span><span style=\"font-size: 14pt;\">alinearlas con enfoque en la digitalizaci\u00f3n, uso de la inteligencia artificial y mejora de sus<\/span> <span style=\"font-size: 14pt;\">procesos empresariales (o, en su caso, proceso de fabricaci\u00f3n seleccionado).<\/span><br \/>\n<span style=\"font-size: 14pt;\">\u2013 Analizar los procesos empresariales que la pyme lleva a cabo actualmente, para <\/span><span style=\"font-size: 14pt;\">identificar \u00e1reas que podr\u00edan beneficiarse de mejoras o, en el caso de haber<\/span> <span style=\"font-size: 14pt;\">seleccionado un proceso productivo o de fabricaci\u00f3n, an\u00e1lisis de la situaci\u00f3n actual del <\/span><span style=\"font-size: 14pt;\">proceso de fabricaci\u00f3n seleccionado, identificando \u00e1reas de oportunidad para la<\/span> <span style=\"font-size: 14pt;\">eficiencia, calidad y mejora continua.<\/span><br \/>\n<span style=\"font-size: 14pt;\">\u2013 Comunicar de manera efectiva a los empleados la relevancia estrat\u00e9gica de la <\/span><span style=\"font-size: 14pt;\">digitalizaci\u00f3n de procesos, destacando c\u00f3mo esto no solo optimiza el trabajo diario, sino<\/span> <span style=\"font-size: 14pt;\">tambi\u00e9n fortalece la competitividad.<\/span><br \/>\n<span style=\"font-size: 14pt;\">\u2013 Proporcionar asesoramiento especializado en herramientas de gesti\u00f3n de <\/span><span style=\"font-size: 14pt;\">procesos de negocio y de inteligencia artificial, abarcando desde ventas y recursos<\/span> <span style=\"font-size: 14pt;\">humanos hasta la gesti\u00f3n de proyectos, y destacando soluciones espec\u00edficas para <\/span><span style=\"font-size: 14pt;\">mejorar la eficiencia y calidad. Si, en su lugar, se ha optado por un proceso de <\/span><span style=\"font-size: 14pt;\">fabricaci\u00f3n, asesoramiento en herramientas y tecnolog\u00eda para la optimizaci\u00f3n y<\/span> <span style=\"font-size: 14pt;\">automatizaci\u00f3n de ese proceso productivo.<\/span><br \/>\n<span style=\"font-size: 14pt;\">\u2013 Desarrollo y ejecuci\u00f3n de un caso de uso adaptado al negocio utilizando las <\/span><span style=\"font-size: 14pt;\">t\u00e9cnicas apropiadas, para la optimizaci\u00f3n de un proceso de negocio o, en su caso,<\/span> <span style=\"font-size: 14pt;\">proceso de fabricaci\u00f3n.<\/span><br \/>\n<span style=\"font-size: 14pt;\">\u2013 Identificaci\u00f3n de oportunidades o posibles usos de la IA en el \u00e1mbito de los <\/span><span style=\"font-size: 14pt;\">procesos de negocio o, en su caso, procesos de producci\u00f3n.<\/span><\/p>\n<p><span style=\"font-size: 14pt;\">Documentaci\u00f3n t\u00e9cnica y resultados requeridos para la justificaci\u00f3n, conforme al <\/span><span style=\"font-size: 14pt;\">art\u00edculo 31.6.a) de esta Orden:<\/span><\/p>\n<p><span style=\"font-size: 14pt;\">\u2013 Evidencias de la celebraci\u00f3n de la reuni\u00f3n presencial de inicio de la prestaci\u00f3n del <\/span><span style=\"font-size: 14pt;\">servicio de asesoramiento, que se determinar\u00e1n en cada convocatoria.<\/span><br \/>\n<span style=\"font-size: 14pt;\">\u2013 Evidencias de celebraciones de reuniones intermedias, que se determinar\u00e1n en<\/span> <span style=\"font-size: 14pt;\">cada convocatoria.<\/span><br \/>\n<span style=\"font-size: 14pt;\">\u2013 Evidencias de la celebraci\u00f3n de la reuni\u00f3n presencial final tras la prestaci\u00f3n del<\/span> <span style=\"font-size: 14pt;\">servicio de asesoramiento, que incluya los resultados obtenidos y la conformidad del<\/span> <span style=\"font-size: 14pt;\">beneficiario al servicio prestado, que se determinar\u00e1n en cada convocatoria.<\/span><br \/>\n<span style=\"font-size: 14pt;\">\u2013 Diagn\u00f3stico inicial (en caso de asesoramiento en procesos de negocio):<\/span><\/p>\n<p><span style=\"font-size: 14pt;\">\u25cf Diagn\u00f3stico inicial o situaci\u00f3n actual de los procesos empresariales de la pyme.<\/span><br \/>\n<span style=\"font-size: 14pt;\">\u25cf Identificaci\u00f3n exhaustiva de \u00e1reas de mejora en los procesos de negocio.<\/span><\/p>\n<p><span style=\"font-size: 14pt;\">\u2013 Resultados (en caso de asesoramiento en procesos de negocio):<\/span><\/p>\n<p><span style=\"font-size: 14pt;\">\u25cf Comprensi\u00f3n y compromiso del personal en la digitalizaci\u00f3n de procesos, <\/span><span style=\"font-size: 14pt;\">fomentando una cultura organizacional que valore y promueva la innovaci\u00f3n y la mejora<\/span> <span style=\"font-size: 14pt;\">continua.<\/span><br \/>\n<span style=\"font-size: 14pt;\">\u25cf Recomendaciones para la digitalizaci\u00f3n, automatizaci\u00f3n a trav\u00e9s de la inteligencia <\/span><span style=\"font-size: 14pt;\">artificial y estandarizaci\u00f3n de procesos de negocio, con recomendaciones en:<\/span><\/p>\n<p><span style=\"font-size: 14pt;\">\u25cb Herramientas de automatizaci\u00f3n de procesos de negocio.<\/span><br \/>\n<span style=\"font-size: 14pt;\">\u25cb Tecnolog\u00edas emergentes y tendencias en el \u00e1mbito de la digitalizaci\u00f3n empresarial.<\/span><br \/>\n<span style=\"font-size: 14pt;\">\u25cb Sistemas de gesti\u00f3n empresarial (ERP).<\/span><\/p>\n<p><span style=\"font-size: 14pt;\">\u25cf Apoyo en el dise\u00f1o de m\u00e9tricas clave y evaluaci\u00f3n de resultados para medir el <\/span><span style=\"font-size: 14pt;\">impacto de las mejoras implementadas en los procesos de negocio con el fin de<\/span> <span style=\"font-size: 14pt;\">identificar \u00e1reas de mejora adicionales.<\/span><\/p>\n<p><span style=\"font-size: 14pt;\">\u2013 Caso de uso (en caso de asesoramiento en procesos de negocio): An\u00e1lisis de dos <\/span><span style=\"font-size: 14pt;\">procesos de negocio espec\u00edficos de la pyme y ventajas de la optimizaci\u00f3n de los mismos <\/span><span style=\"font-size: 14pt;\">a trav\u00e9s del uso de herramientas de automatizaci\u00f3n.<\/span><\/p>\n<p><span style=\"font-size: 14pt;\">\u25cf Identificaci\u00f3n de procesos de negocio cr\u00edticos para la empresa que puedan <\/span><span style=\"font-size: 14pt;\">beneficiarse de la optimizaci\u00f3n.<br \/>\n<\/span><span style=\"font-size: 14pt;\">\u25cf Evaluaci\u00f3n de herramientas de automatizaci\u00f3n, incluyendo herramientas de <\/span><span style=\"font-size: 14pt;\">Automatizaci\u00f3n Rob\u00f3tica de Procesos (RPA), pudiendo incluirse tambi\u00e9n software de<\/span> <span style=\"font-size: 14pt;\">gesti\u00f3n de procesos empresariales (BPM), sistemas de gesti\u00f3n de inventario o software<\/span><br \/>\n<span style=\"font-size: 14pt;\">de planificaci\u00f3n de recursos empresariales (ERP).<\/span><\/p>\n<p><span style=\"font-size: 14pt;\">\u2013 Diagn\u00f3stico inicial (en caso de asesoramiento en procesos de producci\u00f3n):<\/span><\/p>\n<p><span style=\"font-size: 14pt;\">\u25cf Diagn\u00f3stico inicial o situaci\u00f3n actual del proceso productivo.<\/span><br \/>\n<span style=\"font-size: 14pt;\">\u25cf Identificaci\u00f3n exhaustiva de \u00e1reas de mejora en el proceso de producci\u00f3n <\/span><span style=\"font-size: 14pt;\">seleccionado:<\/span><\/p>\n<p><span style=\"font-size: 14pt;\">\u25cb An\u00e1lisis detallado de flujos de trabajo.<\/span><br \/>\n<span style=\"font-size: 14pt;\">\u25cb Identificaci\u00f3n de problemas en el proceso y posibles cuellos de botella.<\/span><br \/>\n<span style=\"font-size: 14pt;\">\u25cb Evaluaci\u00f3n de la eficiencia operativa.<\/span><\/p>\n<p><span style=\"font-size: 14pt;\">\u2013 Resultados (en caso de asesoramiento en procesos de producci\u00f3n):<\/span><\/p>\n<p><span style=\"font-size: 14pt;\">\u25cf Comprensi\u00f3n y compromiso del personal en la digitalizaci\u00f3n de procesos, <\/span><span style=\"font-size: 14pt;\">fomentando una cultura organizacional que valore y promueva la innovaci\u00f3n y la mejora<\/span> <span style=\"font-size: 14pt;\">continua.<\/span><br \/>\n<span style=\"font-size: 14pt;\">\u25cf Benchmark para proveedores: evaluaci\u00f3n comparativa de proveedores a partir de <\/span><span style=\"font-size: 14pt;\">su desempe\u00f1o y de la comparativa con otros negocios.<\/span><br \/>\n<span style=\"font-size: 14pt;\">\u25cf Recomendaciones para la digitalizaci\u00f3n, automatizaci\u00f3n a trav\u00e9s de la inteligencia <\/span><span style=\"font-size: 14pt;\">artificial y estandarizaci\u00f3n de procesos de producci\u00f3n:<\/span><\/p>\n<p><span style=\"font-size: 14pt;\">\u25cb Asesoramiento en herramientas de automatizaci\u00f3n de procesos de producci\u00f3n.<\/span><br \/>\n<span style=\"font-size: 14pt;\">\u25cb Asesoramiento en tecnolog\u00edas emergentes y tendencias en el \u00e1mbito de la <\/span><span style=\"font-size: 14pt;\">digitalizaci\u00f3n empresarial en procesos de producci\u00f3n.<\/span><\/p>\n<p><span style=\"font-size: 14pt;\">\u25cf Apoyo en el dise\u00f1o de m\u00e9tricas clave y evaluaci\u00f3n de resultados para medir el <\/span><span style=\"font-size: 14pt;\">impacto de las mejoras implementadas en el proceso de fabricaci\u00f3n, con el fin de<\/span> <span style=\"font-size: 14pt;\">identificar \u00e1reas de mejora adicionales.<\/span><\/p>\n<p><span style=\"font-size: 14pt;\">\u2013 Caso de uso (en caso de asesoramiento en procesos de producci\u00f3n): An\u00e1lisis del <\/span><span style=\"font-size: 14pt;\">proceso de producci\u00f3n seleccionado y ventajas de la optimizaci\u00f3n del mismo a trav\u00e9s del<\/span> <span style=\"font-size: 14pt;\">uso de herramientas de automatizaci\u00f3n, y definici\u00f3n de diagrama de Ishikawa para la<\/span> <span style=\"font-size: 14pt;\">identificaci\u00f3n de cuellos de botella.<\/span><\/p>\n<p><span style=\"font-size: 14pt;\">\u25cf An\u00e1lisis detallado del proceso productivo, documentando cada paso e <\/span><span style=\"font-size: 14pt;\">identificando posibles cuellos de botella y \u00e1reas de mejora, utilizando el diagrama de<\/span> <span style=\"font-size: 14pt;\">Ishikawa para visualizar y comprender las posibles causas de los problemas<\/span><br \/>\n<span style=\"font-size: 14pt;\">identificados.<\/span><br \/>\n<span style=\"font-size: 14pt;\">\u25cf Selecci\u00f3n de soluciones de benchmarking adecuadas al tipo de an\u00e1lisis realizado <\/span><span style=\"font-size: 14pt;\">y atendiendo a las distintas caracter\u00edsticas de cada empresa.<\/span><br \/>\n<span style=\"font-size: 14pt;\">\u25cf Identificaci\u00f3n de cuellos de botella con el diagrama de Ishikawa causados por los <\/span><span style=\"font-size: 14pt;\">problemas identificados en el proceso de producci\u00f3n.<\/span><br \/>\n<span style=\"font-size: 14pt;\">\u25cf Desarrollo de propuestas para optimizar el proceso productivo seleccionado<\/span> <span style=\"font-size: 14pt;\">mediante la implementaci\u00f3n de herramientas de automatizaci\u00f3n.<\/span><\/p>\n<\/div><\/section>\n<div  style=' margin-top:0px; margin-bottom:70px;'  class='hr hr-custom hr-center hr-icon-no   avia-builder-el-21  el_after_av_textblock  el_before_av_textblock '><span class='hr-inner  inner-border-av-border-fat' style=' width:50px; border-color:#000000;' ><span class='hr-inner-style'><\/span><\/span><\/div>\n<section class=\"av_textblock_section \"  itemscope=\"itemscope\" itemtype=\"https:\/\/schema.org\/CreativeWork\" ><div class='avia_textblock  '   itemprop=\"text\" ><h1 style=\"text-align: center;\"><span style=\"font-size: 36pt;\"><strong><span style=\"color: #000;\">Contacta <\/span>con nosotros<br \/>\n<\/strong><\/span><\/h1>\n<\/div><\/section>\n<section class=\"av_textblock_section \"  itemscope=\"itemscope\" itemtype=\"https:\/\/schema.org\/CreativeWork\" ><div class='avia_textblock  '   itemprop=\"text\" >\n<div class=\"wpcf7 no-js\" id=\"wpcf7-f751-o1\" lang=\"es-ES\" dir=\"ltr\">\n<div class=\"screen-reader-response\"><p role=\"status\" aria-live=\"polite\" aria-atomic=\"true\"><\/p> <ul><\/ul><\/div>\n<form action=\"\/web\/wp-json\/wp\/v2\/pages\/1493#wpcf7-f751-o1\" method=\"post\" class=\"wpcf7-form init\" aria-label=\"Formulario de contacto\" novalidate=\"novalidate\" data-status=\"init\">\n<div style=\"display: none;\">\n<input type=\"hidden\" name=\"_wpcf7\" value=\"751\" \/>\n<input type=\"hidden\" name=\"_wpcf7_version\" value=\"5.9.6\" \/>\n<input type=\"hidden\" name=\"_wpcf7_locale\" value=\"es_ES\" \/>\n<input type=\"hidden\" name=\"_wpcf7_unit_tag\" value=\"wpcf7-f751-o1\" \/>\n<input type=\"hidden\" name=\"_wpcf7_container_post\" value=\"0\" \/>\n<input type=\"hidden\" name=\"_wpcf7_posted_data_hash\" value=\"\" \/>\n<input type=\"hidden\" name=\"_wpcf7_recaptcha_response\" value=\"\" \/>\n<\/div>\n<p><label> Tu nombre<br \/>\n<span class=\"wpcf7-form-control-wrap\" data-name=\"your-name\"><input size=\"40\" maxlength=\"80\" class=\"wpcf7-form-control wpcf7-text wpcf7-validates-as-required\" aria-required=\"true\" aria-invalid=\"false\" value=\"\" type=\"text\" name=\"your-name\" \/><\/span> <\/label>\n<\/p>\n<p><label> Tu correo electr\u00f3nico<br \/>\n<span class=\"wpcf7-form-control-wrap\" data-name=\"your-email\"><input size=\"40\" maxlength=\"80\" class=\"wpcf7-form-control wpcf7-email wpcf7-validates-as-required wpcf7-text wpcf7-validates-as-email\" aria-required=\"true\" aria-invalid=\"false\" value=\"\" type=\"email\" name=\"your-email\" \/><\/span> <\/label>\n<\/p>\n<p><label> Asunto<br \/>\n<span class=\"wpcf7-form-control-wrap\" data-name=\"your-subject\"><input size=\"40\" maxlength=\"80\" class=\"wpcf7-form-control wpcf7-text wpcf7-validates-as-required\" aria-required=\"true\" aria-invalid=\"false\" value=\"\" type=\"text\" name=\"your-subject\" \/><\/span> <\/label>\n<\/p>\n<p><label> Tu mensaje (opcional)<br \/>\n<span class=\"wpcf7-form-control-wrap\" data-name=\"your-message\"><textarea cols=\"40\" rows=\"10\" maxlength=\"400\" class=\"wpcf7-form-control wpcf7-textarea\" aria-invalid=\"false\" name=\"your-message\"><\/textarea><\/span> <\/label>\n<\/p>\n<p><input class=\"wpcf7-form-control wpcf7-submit has-spinner\" type=\"submit\" value=\"Enviar\" \/>\n<\/p>\n<p><span class=\"wpcf7-form-control-wrap\" data-name=\"acceptance-30\"><span class=\"wpcf7-form-control wpcf7-acceptance\"><span class=\"wpcf7-list-item\"><input type=\"checkbox\" name=\"acceptance-30\" value=\"1\" aria-invalid=\"false\" \/><\/span><\/span><\/span> He le\u00eddo y acepto la <a href=\"https:\/\/www.cds-soft.es\/web\/politica-de-privacidad-y-proteccion-de-datos\/\">Pol\u00edtica de Privacidad<\/a><br \/>\n<span class=\"wpcf7-form-control-wrap\" data-name=\"acceptance-140\"><span class=\"wpcf7-form-control wpcf7-acceptance optional\"><span class=\"wpcf7-list-item\"><input type=\"checkbox\" name=\"acceptance-140\" value=\"1\" aria-invalid=\"false\" \/><\/span><\/span><\/span> Acepto recibir la informaci\u00f3n comercial que CDS SOFT considere oportuno enviarme por correo electr\u00f3nico. (Es posible darse de baja en cualquier momento)<br \/>\n<b>Protecci\u00f3n de datos<\/b><br \/>\nEl responsable del tratamiento es CDS SOFT. La finalidad de la recogida de datos es la de poder atender sus cuestiones, sin ceder sus datos a terceros. Tiene derecho a saber qu\u00e9 informaci\u00f3n tenemos sobre usted, corregirla o eliminarla tal y como se explica en nuestra <a href=\"https:\/\/www.cds-soft.es\/web\/politica-de-privacidad-y-proteccion-de-datos\/\">Pol\u00edtica de Privacidad<\/a>.\n<\/p><p style=\"display: none !important;\" class=\"akismet-fields-container\" data-prefix=\"_wpcf7_ak_\"><label>&#916;<textarea name=\"_wpcf7_ak_hp_textarea\" cols=\"45\" rows=\"8\" maxlength=\"100\"><\/textarea><\/label><input type=\"hidden\" id=\"ak_js_1\" name=\"_wpcf7_ak_js\" value=\"62\"\/><script>document.getElementById( \"ak_js_1\" ).setAttribute( \"value\", ( new Date() ).getTime() );<\/script><\/p><div class=\"wpcf7-response-output\" aria-hidden=\"true\"><\/div>\n<\/form>\n<\/div>\n\n<\/div><\/section>\n<div  style=' margin-top:0px; margin-bottom:70px;'  class='hr hr-custom hr-center hr-icon-no   avia-builder-el-24  el_after_av_textblock  avia-builder-el-last '><span class='hr-inner  inner-border-av-border-fat' style=' width:50px; border-color:#000000;' ><span class='hr-inner-style'><\/span><\/span><\/div>\n","protected":false},"excerpt":{"rendered":"","protected":false},"author":1,"featured_media":0,"parent":1453,"menu_order":0,"comment_status":"open","ping_status":"open","template":"","meta":{"footnotes":""},"class_list":["post-1493","page","type-page","status-publish","hentry"],"_links":{"self":[{"href":"https:\/\/www.cds-soft.es\/web\/wp-json\/wp\/v2\/pages\/1493","targetHints":{"allow":["GET"]}}],"collection":[{"href":"https:\/\/www.cds-soft.es\/web\/wp-json\/wp\/v2\/pages"}],"about":[{"href":"https:\/\/www.cds-soft.es\/web\/wp-json\/wp\/v2\/types\/page"}],"author":[{"embeddable":true,"href":"https:\/\/www.cds-soft.es\/web\/wp-json\/wp\/v2\/users\/1"}],"replies":[{"embeddable":true,"href":"https:\/\/www.cds-soft.es\/web\/wp-json\/wp\/v2\/comments?post=1493"}],"version-history":[{"count":2,"href":"https:\/\/www.cds-soft.es\/web\/wp-json\/wp\/v2\/pages\/1493\/revisions"}],"predecessor-version":[{"id":1497,"href":"https:\/\/www.cds-soft.es\/web\/wp-json\/wp\/v2\/pages\/1493\/revisions\/1497"}],"up":[{"embeddable":true,"href":"https:\/\/www.cds-soft.es\/web\/wp-json\/wp\/v2\/pages\/1453"}],"wp:attachment":[{"href":"https:\/\/www.cds-soft.es\/web\/wp-json\/wp\/v2\/media?parent=1493"}],"curies":[{"name":"wp","href":"https:\/\/api.w.org\/{rel}","templated":true}]}}